{"id":3198,"date":"2023-01-22T10:55:37","date_gmt":"2023-01-22T09:55:37","guid":{"rendered":"http:\/\/pacopeporteshome.com\/?post_type=product&#038;p=3198"},"modified":"2023-01-22T10:58:34","modified_gmt":"2023-01-22T09:58:34","slug":"premarco-montado","status":"publish","type":"product","link":"https:\/\/pacopeporteshome.com\/index.php\/product\/premarco-montado\/","title":{"rendered":"Premarco montado"},"content":{"rendered":"<p>Premarco o precerco para puerta con estructura de madera formado por dos largueros y un cabezal que se utiliza para la sujeci\u00f3n de la puerta a la pared.<\/p>\n<p>Los premarcos montados para puertas son estructuras de madera formadas por dos travesa\u00f1os y un cabezal que se utilizan para la sujeci\u00f3n de la puerta a la pared. A diferencia de los premarcos desmontados, los premarcos montados est\u00e1n listos por un montaje inmediato.<\/p>\n<p>Transporte a toda Espa\u00f1a y montaje de puertas en la Comunidad Valenciana.<br \/>\nPuerta block de madera lista para instalar. Calidad garantizada.<\/p>\n","protected":false},"excerpt":{"rendered":"<p>Premarco o precerco para puerta con estructura de madera formado por dos largueros y un cabezal que se utiliza para la sujeci\u00f3n de la puerta a la pared. Los premarcos montados para puertas son estructuras de madera formadas por dos travesa\u00f1os y un cabezal que se utilizan para la sujeci\u00f3n de la puerta a la [&hellip;]<\/p>\n","protected":false},"featured_media":3203,"template":"","meta":[],"product_cat":[81],"product_tag":[],"_links":{"self":[{"href":"https:\/\/pacopeporteshome.com\/index.php\/wp-json\/wp\/v3\/product\/3198"}],"collection":[{"href":"https:\/\/pacopeporteshome.com\/index.php\/wp-json\/wp\/v3\/product"}],"about":[{"href":"https:\/\/pacopeporteshome.com\/index.php\/wp-json\/wp\/v2\/types\/product"}],"wp:featuredmedia":[{"embeddable":true,"href":"https:\/\/pacopeporteshome.com\/index.php\/wp-json\/wp\/v2\/media\/3203"}],"wp:attachment":[{"href":"https:\/\/pacopeporteshome.com\/index.php\/wp-json\/wp\/v2\/media?parent=3198"}],"wp:term":[{"taxonomy":"product_cat","embeddable":true,"href":"https:\/\/pacopeporteshome.com\/index.php\/wp-json\/wp\/v2\/product_cat?post=3198"},{"taxonomy":"product_tag","embeddable":true,"href":"https:\/\/pacopeporteshome.com\/index.php\/wp-json\/wp\/v2\/product_tag?post=3198"}],"curies":[{"name":"wp","href":"https:\/\/api.w.org\/{rel}","templated":true}]}}